172693 prime?
False
Is 660673 prime?
False
Is 3660701 prime?
False
Is 35043 a prime number?
False
Is 7993 a prime number?
True
Is 10991 a composite number?
True
Is 26891 prime?
True
Is 8161 composite?
False
Is 28343 a prime number?
False
Is 82109 composite?
True
Is 9979 prime?
False
Is 11183 a composite number?
True
Is 8791 composite?
True
Is 2453 a composite number?
True
Is 161599 a composite number?
False
Is 3035 composite?
True
Is 40211 prime?
False
Is 681397 a composite number?
True
Is 5155 a composite number?
True
Is 138727 a prime number?
True
Is 759691 a composite number?
False
Is 12683 composite?
True
Is 2053253 prime?
True
Is 7517 prime?
True
Is 1285 prime?
False
Is 3543609 a prime number?
False
Is 103289 a composite number?
False
Is 14293 prime?
True
Is 1367 a composite number?
False
Is 2927 a prime number?
True
Is 511267 composite?
True
Is 145943 a composite number?
True
Is 341771 a prime number?
True
Is 75397 a composite number?
True
Is 20671 composite?
True
Is 3433 a prime number?
True
Is 6143 composite?
False
Is 340237 a prime number?
True
Is 1320362 composite?
True
Is 7517 a composite number?
False
Is 5923 prime?
True
Is 6653 a prime number?
True
Is 1381389 a composite number?
True
Is 1640143 a prime number?
False
Is 1200831 composite?
True
Is 10801 composite?
True
Is 50797 a composite number?
True
Is 2987 a composite number?
True
Is 702937 prime?
True
Is 109223 a composite number?
True
Is 2099 a prime number?
True
Is 88187 a prime number?
False
Is 213079 a composite number?
False
Is 16447 a composite number?
False
Is 1668383 prime?
False
Is 3899 a prime number?
False
Is 4638133 prime?
True
Is 527039 prime?
False
Is 7471 prime?
False
Is 66809 a prime number?
True
Is 11771 a prime number?
False
Is 3091 a prime number?
False
Is 1046186 composite?
True
Is 179 composite?
False
Is 5267837 composite?
False
Is 111803 prime?
False
Is 1354 a prime number?
False
Is 71633 a prime number?
True
Is 6159 a composite number?
True
Is 941399 a composite number?
True
Is 69841 composite?
True
Is 393901 a composite number?
False
Is 9983 prime?
False
Is 860807 composite?
True
Is 2449 composite?
True
Is 46229 prime?
True
Is 11081 composite?
True
Is 17533 composite?
True
Is 48917 a prime number?
False
Is 35057 a composite number?
True
Is 21133 composite?
True
Is 1585 a composite number?
True
Is 821 composite?
False
Is 57637 a composite number?
False
Is 9967 a composite number?
False
Is 166207 a prime number?
True
Is 34841 a composite number?
False
Is 17159 prime?
True
Is 3707 prime?
False
Is 774143 a composite number?
False
Is 269513 a prime number?
True
Is 253603 a composite number?
True
Is 757039 composite?
False
Is 919 a composite number?
False
Is 82523 a prime number?
False
Is 4595 prime?
False
Is 39811 prime?
False
Is 510031 prime?
True
Is 1432873 a composite number?
True
Is 101537 composite?
False
Is 1689973 a composite number?
True
Is 19259 prime?
True
Is 2669803 prime?
True
Is 6239 prime?
False
Is 244235 composite?
True
Is 220339 composite?
True
Is 36922 prime?
False
Is 69623 a composite number?
False
Is 181903 composite?
False
Is 17273 composite?
True
Is 61543 prime?
True
Is 6509 a prime number?
False
Is 800389 a composite number?
True
Is 1448371 composite?
False
Is 148721 a composite number?
False
Is 1330771 prime?
False
Is 32843 prime?
True
Is 80879 a prime number?
False
Is 24313 prime?
False
Is 13577 composite?
False
Is 118273 composite?
False
Is 5623 a composite number?
False
Is 8497 a composite number?
True
Is 60937 prime?
True
Is 14023 a composite number?
True
Is 3593 a prime number?
True
Is 433829 composite?
True
Is 30133 composite?
False
Is 37211 prime?
False
Is 1009 prime?
True
Is 297951 a composite number?
True
Is 133447 a prime number?
True
Is 4531 prime?
False
Is 634141 a prime number?
True
Is 324673 a prime number?
True
Is 30757 composite?
False
Is 104102 composite?
True
Is 28771 composite?
False
Is 204047 a composite number?
False
Is 11969 a prime number?
True
Is 514 prime?
False
Is 9599 prime?
False
Is 37307 composite?
False
Is 7441 prime?
False
Is 61453 a composite number?
True
Is 274519 composite?
True
Is 903247 composite?
True
Is 273697 prime?
True
Is 67121 composite?
False
Is 86017 prime?
True
Is 6087 a prime number?
False
Is 3643 a prime number?
True
Is 10417 composite?
True
Is 196737 prime?
False
Is 10381 a composite number?
True
Is 113891 a prime number?
True
Is 21767 a composite number?
False
Is 308147 prime?
False
Is 55921 a prime number?
True
Is 13751 prime?
True
Is 9601 a prime number?
True
Is 7369 a prime number?
True
Is 17285 composite?
True
Is 167381 prime?
True
Is 893337 composite?
True
Is 1261 a composite number?
True
Is 8311 prime?
True
Is 16085 prime?
False
Is 1721901 prime?
False
Is 1315367 composite?
False
Is 9059 prime?
True
Is 335411 a prime number?
True
Is 26287 a composite number?
True
Is 309613 a composite number?
True
Is 47863 composite?
True
Is 770909 prime?
True
Is 128779 composite?
True
Is 4691 composite?
False
Is 64399 a composite number?
False
Is 101713 composite?
True
Is 3817 a composite number?
True
Is 212051 composite?
True
Is 46459 a composite number?
True
Is 8997 prime?
False
Is 38027 a composite number?
True
Is 9587 a composite number?
False
Is 200689 prime?
True
Is 3271 prime?
True
Is 587 a prime number?
True
Is 3659 a prime number?
True
Is 62599 prime?
False
Is 150827 a composite number?
False
Is 8213 a prime number?
False
Is 380239 prime?
False
Is 454343 a composite number?
True
Is 293861 composite?
False
Is 4469 a composite number?
True
Is 8887 a composite number?
False
Is 56279 a prime number?
False
Is 422893 prime?
True
Is 19739 a composite number?
False
Is 66527 prime?
False
Is 9731 a composite number?
True
Is 3433 composite?
False
Is 23753 composite?
False
Is 13061 composite?
True
Is 43454 composite?
True
Is 85991 a prime number?
True
Is 548813 a prime number?
False
Is 6121 prime?
True
Is 52519 composite?
True
Is 161453 composite?
False
Is 10589 a prime number?
True
Is 59531 prime?
False
Is 6931 a composite number?
True
Is 38993 a composite number?
False
Is 3989 composite?
False
Is 32483 a composite number?
True
Is 243911 prime?
True
Is 2155 composite?
True
Is 1125335 a composite number?
True
Is 55951 a prime number?
False
Is 80429 a prime number?
True
Is 1069 prime?
True
Is 31177 prime?
True
Is 42509 a composite number?
False
Is 191099 a prime number?
True
Is 17047 a composite number?
False
Is 2231663 a composite number?
True
Is 5779 a prime number?
True
Is 782117 prime?
False
Is 76931 a prime number?
False
Is 61441 a composite number?
False
Is 930893 a composite number?
True
Is 59611 prime?
True
Is 17657 composite?
False
Is 444583 a composite number?
True
Is 17663 composite?
True
Is 35671 a prime number?
True
Is 557 a prime number?
True
Is 7729 prime?
False
Is 54203 a prime number?
False
Is 1085167 a prime number?
False
Is 92033 a prime number?
True
Is 3453937 a prime number?
False
Is 289 prime?
False
Is 93741 prime?
False
Is 37277 a composite number?
False
Is 24437 composite?
True
Is 13885 prime?
False
Is 8467 a composite number?
False
Is 21823 a prime number?
False
Is 88063 a composite number?
True
Is 9461 a prime number?
True
Is 52351 a prime number?
False
Is 9287 prime?
False
Is 1513 a composite number?
True
Is 528005 a composite number?
True
Is 31877 a prime number?
False
Is 183641 composite?
True
Is 433229 a composite number?
False
Is 23891 prime?
False
Is 44311 composite?
True
Is 135611 composite?
True
Is 18617 composite?
False
Is 454 a prime number?
False
Is 18077 a composite number?
False
Is 1907 composite?
False
Is 1753 a prime number?
True
Is 9301 a prime number?
False
Is 14923 a composite number?
False
Is 13643 prime?
False
Is 41077 a prime number?
True
Is 50305 prime?
False
Is 1066253 composite?
False
Is 1259 a composite number?
False
Is 148949 prime?
True
Is 3058361 composite?
False
Is 38593 prime?
True
Is 36035 prime?
False
Is 129205 composite?
True
Is 293 a prime number?
True
Is 256129 a composite number?
False
Is 2719 a prime number?
True
Is 22669 prime?
True
Is 306191 a composite number?
False
Is 3683 a composite number?
True
Is 1637 prime?
True
Is 397115 a composite number?
True
Is 289937 a composite number?
False
Is 1077299 a composite number?
False
Is 519 p